ive m(-5).
2
Suppose 7 = 5*h - 13. Let n(x) = 6*x**2 + x + 3. Let u(k) = -7*k**2 - 2*k - 4. Let j(r) = 6*n(r) + 5*u(r). Calculate j(h).
-2
Let s(h) = h**2 - h + 5. Let c(f) = -f + 10. Let p be c(10). Give s(p).
5
Let k(m) = -31 + 10 + 30 + 3*m. Determine k(-6).
-9
Suppose 2*g + 14 = 2*q, 0*g = -3*q + 2*g + 16. Let a(y) = -q*y - 3*y + 10*y**2 + 2 - 9*y**2 + 1. Determine a(2).
-3
Let x(a) = 4*a. Let l = 272 - 279. What is x(l)?
-28
Let v be (30/(-120))/((-1)/44). Let y(f) = -f**2 + 25*f - 4 - 25*f + 11*f. Determine y(v).
-4
Let t(k) = -10*k - 7. Let o(b) = -22*b - 15. Let s(r) = 6*o(r) - 13*t(r). What is s(4)?
-7
Let t(k) = -2*k**3 - k**2 + 4*k - 1. Let d(h) = 4*h - 29. Let r be d(7). Let s(c) = -c. Let j(x) = r*t(x) - 3*s(x). Calculate j(-2).
-9
Let m(g) = g**3 - 8*g**2 + 7*g - 2. Let t(u) = 8*u**2 - 3*u - 1. Let q be t(3). Suppose 69 = l + q. Determine m(l).
-2
Let x(s) = -2*s + 17. Suppose -223*v = -240*v. What is x(v)?
17
Let w(z) = -641 - 2*z - z + 8*z + 644. Let s(l) = 4*l + 3. Let y(m) = -3*s(m) + 2*w(m). Calculate y(-7).
11
Let i(s) = 5*s**3 + s - 7. Let b(l) be the second derivative of l**5/20 - l**2/2 + 19*l. Let p(y) = 6*b(y) - i(y). What is p(0)?
1
Suppose 0*m = 3*m - 9. Suppose -4*h - m*n + 10 = -n, -5 = -5*h - 4*n. Suppose 1 = -h*a - 29. Let u(j) = -3*j - 5. Give u(a).
13
Let z(v) be the second derivative of -v**3/6 - 9*v**2/2 + 94*v. Determine z(9).
-18
Let v(b) = b + 2. Let t be (-5)/(-2)*16/20. Suppose -c + 3*f + 0 + 5 = 0, -2*c = -t*f - 2. Let z be (c/3)/(6/(-108)). Determine v(z).
8
Suppose 0*p = -5*p + 4*k - 22, 5*k = -4*p + 7. Let o(v) = v**2 + 7*v + 8. Let g(m) = -5*m**2 - 28*m - 34. Let a(x) = p*g(x) - 9*o(x). Calculate a(7).
-4
Let o be (-18)/(-8)*(-48)/(-18). Let b(w) = w**2 - 4*w - 7. Determine b(o).
5
Let k(b) = -3*b + 10*b - b**2 + 4 - 2*b. Let i(a) = a**2 + 6*a - 21. Let q be i(-9). Calculate k(q).
-2
Let h(f) = 10*f**3 + 4*f + 9. Let t(y) = -5*y**3 - 2*y - 4. Let j = 64 + -71. Let i(k) = j*t(k) - 3*h(k). Suppose 0 = 6*p - 2*p + 4. Calculate i(p).
-6
Suppose 7*p + 171 = 171. Let n(k) = 0*k**3 + 12 + k**3 - 2. Determine n(p).
10
Let t(j) = j**3 + 2*j**2 - 6*j - 1. Suppose -2*c + 7*c + 40 = 4*a, 10 = -5*c - 2*a. Calculate t(c).
-9
Suppose 4*d = 4*o + 36, 5*o + 8*d = 3*d + 5. Let j(c) be the third derivative of 1/120*c**6 + 5/24*c**4 + 0*c + 0 - 1/3*c**3 + 17*c**2 + 1/12*c**5. Give j(o).
-6
Suppose -4*w = -4, 6*w = 3*p + 3*w - 3. Let u be 15/(-10)*(-8)/p. Let z(x) be the first derivative of x**2/2 - 3*x + 27. Give z(u).
3
Let s(y) = 11*y + 1. Let i = 41 - 41. Let q be (-3 + 4)*(-1 - i). Calculate s(q).
-10
Let h(v) be the first derivative of -v**3/3 - 2*v**2 + 3*v + 383. Let f be (0 + -3)/(-1 - -2). Let g = 0 + f. Give h(g).
6
Let w(q) = q**3 - 6*q**2 + 4*q + 7. Let z = 389 + -384. Determine w(z).
2
Let v(r) = 5*r - 2*r**3 - 5 + 29902*r**2 - 29910*r**2 + 3*r**3. Calculate v(7).
-19
Suppose -3*w + 22 = 3*r + 2*w, -6 = -4*r - 2*w. Let o be (-2 - r)*-3 + 1. Let h(t) = 7*t - 6*t - 2*t - 1. Determine h(o).
-5
Let v(g) be the first derivative of g**4/4 + g**3 - 3*g**2/2 - 2*g - 276. Determine v(-3).
7
Let r(x) = x + 1. Suppose -s + 16 = -5*t, -2*s = 2*t + 2*t + 10. Let n(w) = -w - 6. Let j(h) = s*n(h) + 2*r(h). Give j(3).
-1
Let i(x) = 2*x**2 + 4*x + 2*x**2 - 3*x**2. Suppose -4*y = -6 - 330. Let p be (y/98)/(6/7 - 1). Calculate i(p).
12
Let h(v) be the first derivative of -19*v**4/4 + v**3/3 - v**2 + v - 156. What is h(1)?
-19
Suppose -24 - 51 = -5*b. Let i(y) = 33 + 5*y - b - 22 + 2*y**2. Determine i(-4).
8
Let p(i) = 2*i + 38. Let h be p(-15). Suppose -4*a - h = 4*l - 5*l, -5*a - 23 = 2*l. Let x(d) be the third derivative of d**4/24 + 2*d**3/3 - d**2. Give x(a).
1
Let p(y) be the third derivative of y**8/6720 - y**7/360 - y**6/90 - y**4/3 + 14*y**2. Let g(u) be the second derivative of p(u). Calculate g(8).
0
Let f be 16 + (1 + 2)*(0 + 1). Let z be (-7 - 0)/(4/(-8)). Let o = z - f. Let h(k) = -k**2 - 8*k - 6. Calculate h(o).
9
Suppose -y - 5*r + 10 = 0, -4*y + 3*r - 12 = 17. Suppose 2*o + 4*o = 48. Let l(k) = 3 - 2*k + o*k - 4*k. Determine l(y).
-7
Let v be (-3)/(-2)*24/9. Let u(z) be the third derivative of z**4/24 - 3*z**3/2 - 43*z**2. Let x be u(v). Let h(r) = r**3 + 5*r**2 - r - 3. Determine h(x).
2
Let d(r) be the first derivative of 5*r**3/6 + r**2/2 - 18*r + 29. Let w(j) be the first derivative of d(j). Determine w(-3).
-14
Let d(a) be the third derivative of -a**6/240 + a**4/24 + 15*a**2. Let o(q) be the second derivative of d(q). Determine o(1).
-3
Suppose 2*x - 67 = -a, 3*x - 5*a = 2*x + 39. Let z = -34 + x. Let i(h) be the first derivative of h**4/4 + h**3/3 + h**2/2 + h - 2. Give i(z).
1
Let h = 436 + -438. Let n(d) = -d**2 - 2*d. Determine n(h).
0
Let k(y) = -y**3 - 3*y**2 + y + 3. Let v(q) = 11*q + 3. Let i be v(1). Suppose i = z - 6*z - h, 3 = 3*h. What is k(z)?
0
Let u(x) = -4*x**2 + 46. Let b(m) = m**2 - 15. Let l(k) = -7*b(k) - 2*u(k). Let c(i) = -4*i - 36. Let a be c(-9). What is l(a)?
13
Let k = -10 - -18. Suppose -34 = -8*m + 14. Suppose 4*a - k = m*a. Let l(j) = -3*j - 6. Give l(a).
6
Let w(u) = -41*u**2 - 9*u. Let n(y) = -26*y**2 - 6*y. Let s(a) = 8*n(a) - 5*w(a). Let f be -3*((-10)/(-6) + -1). Give s(f).
-6
Let m be 22/77 + 60/35. Let t(p) = -6*p**3 + 7*p**2 + 4*p - 6. Let x(w) = 5*w**3 - 6*w**2 - 3*w + 5. Let g(y) = 3*t(y) + 4*x(y). Give g(m).
6
Let m(u) be the second derivative of u**5/20 + u**4/4 - u**3/2 - u**2/2 + 4*u. Let d be 4/1 - (16 - 12). Suppose d*o - 6 = 2*o. Give m(o).
8
Let p(v) be the first derivative of 7*v**4/4 + v**2 + v + 49. Let n be (1 + -1)/((-1)/(-1)). Let b = -1 + n. Give p(b).
-8
Let p(q) = 7*q - 2. Suppose 4*a - 8 = i, -6*a = -3*a - 3*i - 6. Let u(w) = -35*w + 11. Let y(h) = a*u(h) + 11*p(h). Let k = -3 - -2. Give y(k).
-7
Let f(p) be the third derivative of -p**4/2 - p**3/6 - 3*p**2. What is f(1)?
-13
Suppose 6*q - 5*q = 0. Let w be (-1)/2*(6 + (-4 - q)). Let o(u) = -15*u. Calculate o(w).
15
Suppose -4*c + 3*c + 2 = 3*z, 0 = 5*z. Let x(r) be the first derivative of 4*r**3/3 - r**2/2 + r - 6. Determine x(c).
15
Let y(c) = -c**3 - 2*c**2 + 5*c + 3. Suppose -8 = -4*d - 20. Calculate y(d).
-3
Let a = -1051 - -1046. Let s(q) = q**3 + 8*q**2 + q - 4. Let j(i) = i**2 + i. Let f(h) = 4*j(h) - s(h). Calculate f(a).
14
Let j(k) = -k**3 + 2*k**2 + 17*k - 5. Let w be j(5). Let p(i) = -i**2 + 5*i + 9. Calculate p(w).
9
Let i(l) = 5*l**3 + 5*l**3 + 10*l**3 - 16*l**3. Suppose -3 = -5*c + 2. What is i(c)?
4
Suppose 0 = 3*s - 4*o - 2, 3 = -5*s + o + 12. Let h(j) = -j - s*j - 3*j - 7 + 5*j. Let p be (-2 - (-9)/2)*-2. What is h(p)?
-2
Let w(c) be the second derivative of 11*c**3/6 - 13*c - 1. What is w(2)?
22
Let v(c) be the first derivative of -4*c**3 + 0*c - 1/2*c**2 - 1. Determine v(1).
-13
Let c be 0 - -1 - 3 - 1. Let d(v) be the second derivative of -v**4/6 - v**3/3 + 3*v**2/2 - 801*v. Determine d(c).
-9
Let k(j) = j**3 - 8*j**2 + 10*j + 3. Let p be ((-1)/(-2))/(59/826). Give k(p).
24
Suppose -t + 20 = 4*l, t + t = -3*l + 20. Let d(o) = 3*o**3 - 9*o**2 + o + 8. Let u(b) = 4*b**3 - 10*b**2 + b + 9. Let p(y) = l*u(y) - 5*d(y). Calculate p(-4).
16
Let r = -322 + 324. Let v(t) be the second derivative of 6*t - 5/12*t**4 - 1/20*t**5 - 3/2*t**r + 7/6*t**3 + 0. Calculate v(-6).
-9
Let d(i) = -2*i - 33. Suppose 48 = 2*m + 74. Let w be d(m). Let h(b) = -b**2 - 6*b + 4. Give h(w).
-3
Let w(l) = l**3 + 5*l**2 - 2*l - 4. Let f = -2471 - -2465. What is w(f)?
-28
Let d(a) = -4 + a**2 + 4 - 3 - 4*a. Let p be (-5)/2*14/(-7). Let y be d(p). Let x(o) = -2*o**2 + 3*o - 3. Determine x(y).
-5
Let d(h) be the second derivative of -11/12*h**4 + 5/3*h**3 - 3/2*h**2 + 6*h + 1/20*h**5 + 0. Give d(10).
-3
Let y(c) be the second derivative of 5*c**2 + 1/6*c**3 - 2*c + 0. Let w be y(-7). Let j(k) = k - 4. Calculate j(w).
-1
Let n(c) be the first derivative of c**5/120 + c**4/12 - 11*c**3/3 + 17. Let h(t) be the third derivative of n(t). Determine h(-7).
-5
Let i = -2025 + 2019. Let l(q) be the second derivative of -q**3/2 - 2*q**2 - 2*q. Determine l(i).
14
Let x(s) = 4*s**2 + 20*s - 6. Let f(h) = -h**2 - 10*h + 3. Let q(l) = -5*f(l) - 2*x(l). What is q(4)?
-11
Let b(i) = i**2 + 17*i + 20. Suppose -4*u + 6*u = -4*y - 24, 3*y = 6. Let n be b(u). Suppose n*f - 8*f - 20 = 0. Let s(a) = -3*a + 1. What is s(f)?
16
S